{"id":19,"date":"2015-11-11T19:56:50","date_gmt":"2015-11-11T19:56:50","guid":{"rendered":"http:\/\/www.calculusdersi.org\/?page_id=19"},"modified":"2023-01-26T18:22:43","modified_gmt":"2023-01-26T18:22:43","slug":"lineer-cebir-ozel-ders","status":"publish","type":"page","link":"http:\/\/www.calculusdersi.org\/?page_id=19","title":{"rendered":"lineer CEB\u0130R \u00f6zel ders"},"content":{"rendered":"<p><strong>\u00a0 \u00a0 <a href=\"http:\/\/www.calculusdersi.org\/wp-content\/uploads\/2015\/11\/2016-02-02-08.33.43.png\"><img loading=\"lazy\" decoding=\"async\" class=\"wp-image-320 aligncenter\" src=\"http:\/\/www.calculusdersi.org\/wp-content\/uploads\/2015\/11\/2016-02-02-08.33.43.png\" alt=\"\" width=\"563\" height=\"311\" srcset=\"http:\/\/www.calculusdersi.org\/wp-content\/uploads\/2015\/11\/2016-02-02-08.33.43.png 284w, http:\/\/www.calculusdersi.org\/wp-content\/uploads\/2015\/11\/2016-02-02-08.33.43-210x116.png 210w\" sizes=\"(max-width: 563px) 100vw, 563px\" \/><\/a>\u00a0 \u00a0 \u00a0 \u00a0Bo\u011fazi\u00e7i \u00dcniversitesi,\u0130tanbul TEKN\u0130K \u00dcN\u0130VERS\u0130TES\u0130,Bilgi \u00dcniversitesi,Ko\u00e7 \u00dcniversitesi,Sabanci \u00dcniversitesi ,I\u015f\u0131k \u00dcniversitesi,\u00a0 \u0130stanbul \u00dcniversitesi,Y\u0131ld\u0131z \u00dcniversitesi , Bilkent \u00dcniversitesi, Ba\u015fkent\u00a0 \u00dcniversitesi,Uluda\u011f \u00dcniversitesi, 9Eyl\u00fcl \u00dcniversitesi, Yeditepe \u00dcniversitesi \u00a0Hali\u00e7 \u00dcniversitesi\u00a0 Beykent \u00dcniversitesi ,Do\u011fu\u015f \u00dcniversitesi,Kadir\u00a0 HAS\u00a0 , Okan\u00a0 UN\u0130VERS\u0130TES\u0130,\u00d6zye\u011fin\u00a0 \u00dcN\u0130VERS\u0130TES\u0130, Maltepe\u00a0 \u00dcN\u0130VERS\u0130TES\u0130, Yeni Y\u00dcZY\u0130L\u00a0 \u00dcN.,ve K\u00fclt\u00fcr \u00dcniversitelerinin ekonomi i\u015fletme ,bilgisayar m\u00fchendisli\u011fi,ekonomi b\u00f6l\u00fcm\u00fc,insaat m\u00fchendisli\u011fi ,uluslararasi iliskiler ve \u00a0\u00e7al\u0131\u015fma ekonomisi gibi b\u00f6l\u00fcmlerde okuyan onlarca \u00fcniversite \u00f6\u011frencisine \u00a0\u00f6zel L\u0130NEER CEB\u0130R\u00a0 dersleri verdim. \u00a0<\/strong><\/p>\n<ul>\n<li><strong>Elementary marix<\/strong><\/li>\n<li><strong>Permutation matrix<\/strong><\/li>\n<li><strong>Bir Matrisin Transpozesi<\/strong><\/li>\n<li><strong>Matris \u0130\u015flemleri\u00a0<\/strong><\/li>\n<li><strong>\u0130lkel Sat\u0131r ve S\u00fctun \u0130\u015flemleri<\/strong><\/li>\n<li><strong>Bir Matrisin Basamak Bi\u00e7imi<\/strong><\/li>\n<li><strong>Br Matrisin Rank\u0131<\/strong><\/li>\n<li><strong>Vector spaces<\/strong><\/li>\n<li><strong>Null spaces<\/strong><\/li>\n<li><strong>Column and row spaces<\/strong><\/li>\n<li><strong>Determinants<\/strong><\/li>\n<li><strong>Lineer denklem sistemleri<\/strong><\/li>\n<li><strong>Vekt\u00f6r uzaylar\u0131\u00a0<\/strong><\/li>\n<li><strong>Lineer transformations\u00a0<\/strong><\/li>\n<li><strong>eigenvalues and eigenvectors ,<\/strong><\/li>\n<li><strong>orthogonal vectors<\/strong><\/li>\n<li><strong>Orthonormal vectors<\/strong><\/li>\n<li><strong>orthogonal \u00a0, orthonormal projections<\/strong><\/li>\n<li><strong>Diagonalizaion of vectors,<\/strong><\/li>\n<li><strong>differensiyel of vectors<\/strong><\/li>\n<\/ul>\n<p><a href=\"http:\/\/ocw.mit.edu\/courses\/mathematics\/18-06-linear-algebra-spring-\"><span style=\"color: #ff9900;\">video linkler<\/span> <\/a><\/p>\n","protected":false},"excerpt":{"rendered":"<p>\u00a0 \u00a0 \u00a0 \u00a0 \u00a0 \u00a0Bo\u011fazi\u00e7i \u00dcniversitesi,\u0130tanbul TEKN\u0130K \u00dcN\u0130VERS\u0130TES\u0130,Bilgi \u00dcniversitesi,Ko\u00e7 \u00dcniversitesi,Sabanci \u00dcniversitesi ,I\u015f\u0131k \u00dcniversitesi,\u00a0 \u0130stanbul \u00dcniversitesi,Y\u0131ld\u0131z \u00dcniversitesi , Bilkent \u00dcniversitesi, Ba\u015fkent\u00a0 \u00dcniversitesi,Uluda\u011f \u00dcniversitesi, 9Eyl\u00fcl \u00dcniversitesi,&#8230;<\/p>\n<div class=\"more-link-wrapper\"><a class=\"more-link\" href=\"http:\/\/www.calculusdersi.org\/?page_id=19\">Devam\u0131n\u0131 okuyun<span class=\"screen-reader-text\">lineer CEB\u0130R \u00f6zel ders<\/span><\/a><\/div>\n","protected":false},"author":1,"featured_media":0,"parent":0,"menu_order":0,"comment_status":"closed","ping_status":"closed","template":"","meta":{"footnotes":""},"yoast_head":"<!-- This site is optimized with the Yoast SEO plugin v19.10 - https:\/\/yoast.com\/wordpress\/plugins\/seo\/ -->\n<title>lineer CEB\u0130R \u00f6zel ders - bo\u011fazi\u00e7iliden \u00f6zel CALCULUS dersi verilir. 05423140369<\/title>\n<meta name=\"robots\" content=\"index, follow, max-snippet:-1, max-image-preview:large, max-video-preview:-1\" \/>\n<link rel=\"canonical\" href=\"http:\/\/www.calculusdersi.org\/?page_id=19\" \/>\n<meta property=\"og:locale\" content=\"tr_TR\" \/>\n<meta property=\"og:type\" content=\"article\" \/>\n<meta property=\"og:title\" content=\"lineer CEB\u0130R \u00f6zel ders - bo\u011fazi\u00e7iliden \u00f6zel CALCULUS dersi verilir. 05423140369\" \/>\n<meta property=\"og:description\" content=\"\u00a0 \u00a0 \u00a0 \u00a0 \u00a0 \u00a0Bo\u011fazi\u00e7i \u00dcniversitesi,\u0130tanbul TEKN\u0130K \u00dcN\u0130VERS\u0130TES\u0130,Bilgi \u00dcniversitesi,Ko\u00e7 \u00dcniversitesi,Sabanci \u00dcniversitesi ,I\u015f\u0131k \u00dcniversitesi,\u00a0 \u0130stanbul \u00dcniversitesi,Y\u0131ld\u0131z \u00dcniversitesi , Bilkent \u00dcniversitesi, Ba\u015fkent\u00a0 \u00dcniversitesi,Uluda\u011f \u00dcniversitesi, 9Eyl\u00fcl \u00dcniversitesi,&#8230;\" \/>\n<meta property=\"og:url\" content=\"http:\/\/www.calculusdersi.org\/?page_id=19\" \/>\n<meta property=\"og:site_name\" content=\"bo\u011fazi\u00e7iliden \u00f6zel CALCULUS dersi verilir. 05423140369\" \/>\n<meta property=\"article:publisher\" content=\"http:\/\/ozelders2013@gmail.com\" \/>\n<meta property=\"article:modified_time\" content=\"2023-01-26T18:22:43+00:00\" \/>\n<meta property=\"og:image\" content=\"http:\/\/www.calculusdersi.org\/wp-content\/uploads\/2015\/11\/2016-02-02-08.33.43.png\" \/>\n<meta name=\"twitter:card\" content=\"summary_large_image\" \/>\n<meta name=\"twitter:label1\" content=\"Tahmini okuma s\u00fcresi\" \/>\n\t<meta name=\"twitter:data1\" content=\"1 dakika\" \/>\n<script type=\"application\/ld+json\" class=\"yoast-schema-graph\">{\"@context\":\"https:\/\/schema.org\",\"@graph\":[{\"@type\":\"WebPage\",\"@id\":\"http:\/\/www.calculusdersi.org\/?page_id=19\",\"url\":\"http:\/\/www.calculusdersi.org\/?page_id=19\",\"name\":\"lineer CEB\u0130R \u00f6zel ders - bo\u011fazi\u00e7iliden \u00f6zel CALCULUS dersi verilir. 05423140369\",\"isPartOf\":{\"@id\":\"http:\/\/www.calculusdersi.org\/#website\"},\"datePublished\":\"2015-11-11T19:56:50+00:00\",\"dateModified\":\"2023-01-26T18:22:43+00:00\",\"breadcrumb\":{\"@id\":\"http:\/\/www.calculusdersi.org\/?page_id=19#breadcrumb\"},\"inLanguage\":\"tr\",\"potentialAction\":[{\"@type\":\"ReadAction\",\"target\":[\"http:\/\/www.calculusdersi.org\/?page_id=19\"]}]},{\"@type\":\"BreadcrumbList\",\"@id\":\"http:\/\/www.calculusdersi.org\/?page_id=19#breadcrumb\",\"itemListElement\":[{\"@type\":\"ListItem\",\"position\":1,\"name\":\"Ana sayfa\",\"item\":\"http:\/\/www.calculusdersi.org\/\"},{\"@type\":\"ListItem\",\"position\":2,\"name\":\"lineer CEB\u0130R \u00f6zel ders\"}]},{\"@type\":\"WebSite\",\"@id\":\"http:\/\/www.calculusdersi.org\/#website\",\"url\":\"http:\/\/www.calculusdersi.org\/\",\"name\":\"bo\u011fazi\u00e7iliden \u00f6zel CALCULUS dersi verilir. 05423140369\",\"description\":\"bo\u011fazi\u00e7iliden \u00f6zel MATEMAT\u0130K dersi verilir.  5423140369 \",\"potentialAction\":[{\"@type\":\"SearchAction\",\"target\":{\"@type\":\"EntryPoint\",\"urlTemplate\":\"http:\/\/www.calculusdersi.org\/?s={search_term_string}\"},\"query-input\":\"required name=search_term_string\"}],\"inLanguage\":\"tr\"}]}<\/script>\n<!-- \/ Yoast SEO plugin. -->","yoast_head_json":{"title":"lineer CEB\u0130R \u00f6zel ders - bo\u011fazi\u00e7iliden \u00f6zel CALCULUS dersi verilir. 05423140369","robots":{"index":"index","follow":"follow","max-snippet":"max-snippet:-1","max-image-preview":"max-image-preview:large","max-video-preview":"max-video-preview:-1"},"canonical":"http:\/\/www.calculusdersi.org\/?page_id=19","og_locale":"tr_TR","og_type":"article","og_title":"lineer CEB\u0130R \u00f6zel ders - bo\u011fazi\u00e7iliden \u00f6zel CALCULUS dersi verilir. 05423140369","og_description":"\u00a0 \u00a0 \u00a0 \u00a0 \u00a0 \u00a0Bo\u011fazi\u00e7i \u00dcniversitesi,\u0130tanbul TEKN\u0130K \u00dcN\u0130VERS\u0130TES\u0130,Bilgi \u00dcniversitesi,Ko\u00e7 \u00dcniversitesi,Sabanci \u00dcniversitesi ,I\u015f\u0131k \u00dcniversitesi,\u00a0 \u0130stanbul \u00dcniversitesi,Y\u0131ld\u0131z \u00dcniversitesi , Bilkent \u00dcniversitesi, Ba\u015fkent\u00a0 \u00dcniversitesi,Uluda\u011f \u00dcniversitesi, 9Eyl\u00fcl \u00dcniversitesi,&#8230;","og_url":"http:\/\/www.calculusdersi.org\/?page_id=19","og_site_name":"bo\u011fazi\u00e7iliden \u00f6zel CALCULUS dersi verilir. 05423140369","article_publisher":"http:\/\/ozelders2013@gmail.com","article_modified_time":"2023-01-26T18:22:43+00:00","og_image":[{"url":"http:\/\/www.calculusdersi.org\/wp-content\/uploads\/2015\/11\/2016-02-02-08.33.43.png"}],"twitter_card":"summary_large_image","twitter_misc":{"Tahmini okuma s\u00fcresi":"1 dakika"},"schema":{"@context":"https:\/\/schema.org","@graph":[{"@type":"WebPage","@id":"http:\/\/www.calculusdersi.org\/?page_id=19","url":"http:\/\/www.calculusdersi.org\/?page_id=19","name":"lineer CEB\u0130R \u00f6zel ders - bo\u011fazi\u00e7iliden \u00f6zel CALCULUS dersi verilir. 05423140369","isPartOf":{"@id":"http:\/\/www.calculusdersi.org\/#website"},"datePublished":"2015-11-11T19:56:50+00:00","dateModified":"2023-01-26T18:22:43+00:00","breadcrumb":{"@id":"http:\/\/www.calculusdersi.org\/?page_id=19#breadcrumb"},"inLanguage":"tr","potentialAction":[{"@type":"ReadAction","target":["http:\/\/www.calculusdersi.org\/?page_id=19"]}]},{"@type":"BreadcrumbList","@id":"http:\/\/www.calculusdersi.org\/?page_id=19#breadcrumb","itemListElement":[{"@type":"ListItem","position":1,"name":"Ana sayfa","item":"http:\/\/www.calculusdersi.org\/"},{"@type":"ListItem","position":2,"name":"lineer CEB\u0130R \u00f6zel ders"}]},{"@type":"WebSite","@id":"http:\/\/www.calculusdersi.org\/#website","url":"http:\/\/www.calculusdersi.org\/","name":"bo\u011fazi\u00e7iliden \u00f6zel CALCULUS dersi verilir. 05423140369","description":"bo\u011fazi\u00e7iliden \u00f6zel MATEMAT\u0130K dersi verilir.  5423140369 ","potentialAction":[{"@type":"SearchAction","target":{"@type":"EntryPoint","urlTemplate":"http:\/\/www.calculusdersi.org\/?s={search_term_string}"},"query-input":"required name=search_term_string"}],"inLanguage":"tr"}]}},"_links":{"self":[{"href":"http:\/\/www.calculusdersi.org\/index.php?rest_route=\/wp\/v2\/pages\/19"}],"collection":[{"href":"http:\/\/www.calculusdersi.org\/index.php?rest_route=\/wp\/v2\/pages"}],"about":[{"href":"http:\/\/www.calculusdersi.org\/index.php?rest_route=\/wp\/v2\/types\/page"}],"author":[{"embeddable":true,"href":"http:\/\/www.calculusdersi.org\/index.php?rest_route=\/wp\/v2\/users\/1"}],"replies":[{"embeddable":true,"href":"http:\/\/www.calculusdersi.org\/index.php?rest_route=%2Fwp%2Fv2%2Fcomments&post=19"}],"version-history":[{"count":12,"href":"http:\/\/www.calculusdersi.org\/index.php?rest_route=\/wp\/v2\/pages\/19\/revisions"}],"predecessor-version":[{"id":1170,"href":"http:\/\/www.calculusdersi.org\/index.php?rest_route=\/wp\/v2\/pages\/19\/revisions\/1170"}],"wp:attachment":[{"href":"http:\/\/www.calculusdersi.org\/index.php?rest_route=%2Fwp%2Fv2%2Fmedia&parent=19"}],"curies":[{"name":"wp","href":"https:\/\/api.w.org\/{rel}","templated":true}]}}