{"id":950,"date":"2022-12-28T21:28:34","date_gmt":"2022-12-28T21:28:34","guid":{"rendered":"http:\/\/www.calculusdersi.org\/?page_id=950"},"modified":"2025-01-27T09:31:43","modified_gmt":"2025-01-27T09:31:43","slug":"hakkimda","status":"publish","type":"page","link":"http:\/\/www.calculusdersi.org\/?page_id=950","title":{"rendered":"Hakk\u0131mda"},"content":{"rendered":"<div class=\"wp-block-image\">\n<figure class=\"alignleft size-large is-resized\"><a href=\"http:\/\/www.calculusdersi.org\/wp-content\/uploads\/2022\/12\/WhatsApp-Gorsel-2022-12-29-saat-00.31.13-1.jpg\"><img loading=\"lazy\" decoding=\"async\" width=\"675\" height=\"1024\" src=\"http:\/\/www.calculusdersi.org\/wp-content\/uploads\/2022\/12\/WhatsApp-Gorsel-2022-12-29-saat-00.31.13-1-675x1024.jpg\" alt=\"\" class=\"wp-image-954\" style=\"width:159px;height:242px\" srcset=\"http:\/\/www.calculusdersi.org\/wp-content\/uploads\/2022\/12\/WhatsApp-Gorsel-2022-12-29-saat-00.31.13-1-675x1024.jpg 675w, http:\/\/www.calculusdersi.org\/wp-content\/uploads\/2022\/12\/WhatsApp-Gorsel-2022-12-29-saat-00.31.13-1-198x300.jpg 198w, http:\/\/www.calculusdersi.org\/wp-content\/uploads\/2022\/12\/WhatsApp-Gorsel-2022-12-29-saat-00.31.13-1-768x1165.jpg 768w, http:\/\/www.calculusdersi.org\/wp-content\/uploads\/2022\/12\/WhatsApp-Gorsel-2022-12-29-saat-00.31.13-1-125x190.jpg 125w, http:\/\/www.calculusdersi.org\/wp-content\/uploads\/2022\/12\/WhatsApp-Gorsel-2022-12-29-saat-00.31.13-1.jpg 830w\" sizes=\"(max-width: 675px) 100vw, 675px\" \/><\/a><\/figure><\/div>\n\n\n<p><\/p>\n\n\n\n<p><\/p>\n\n\n\n<p><\/p>\n\n\n\n<p><strong>1997 y\u0131l\u0131nda BO\u011eAZ\u0130\u00c7\u0130 \u00dcN\u0130VERS\u0130TES\u0130 lise matematik \u00d6\u011fretmenli\u011finden mezun oldum. Ayn\u0131\u00a0 okulda\u00a0 mast\u0131r\u00a0 program\u0131n\u0131 \u00a0 bitirdim.S\u0131ras\u0131yla U\u011fur Dersanesi , K\u00fclt\u00fcr Koleji , Feyziye Mektepleri Vakf\u0131 Ayaza\u011fa I\u015f\u0131k Lisesini ve son olarakta \u015e\u0130\u015eL\u0130 TERAKKI lisesinde \u00e7al\u0131\u015ft\u0131m.Yakla\u015f\u0131k 19 y\u0131ld\u0131r e\u011fitim ve \u00f6\u011fretimin i\u00e7indeyim.\u00c7ok say\u0131da \u00f6\u011frenciye \u00f6zel dersler verdim. \u00c7al\u0131\u015ft\u0131\u011f\u0131m okullarda matematik geometri ve analitik geometri derslerine girdim .Yetenekli \u00f6\u011frencileri T\u00fcbitak Olimpiyatlar\u0131 s\u0131navlar\u0131na haz\u0131rlad\u0131m.13 y\u0131ld\u0131r \u00fcniversite \u00f6\u011frencilerine CALCULUS ,diferansiyel denklemler,genel matematik ,lineer cebir \u00f6zel dersleri\u00a0 vermekteyim .Ayr\u0131ca \u00e7ok say\u0131da yurt d\u0131\u015f\u0131nda okuyan \u00f6\u011frenciye google meet  veya zoom \u00fczerinden CALCULUS\u00a0 math1,math2, Differential Equation ve Linear Algebra\u00a0 dersleri\u00a0 vermekteyim.<\/strong><\/p>\n","protected":false},"excerpt":{"rendered":"<p>1997 y\u0131l\u0131nda BO\u011eAZ\u0130\u00c7\u0130 \u00dcN\u0130VERS\u0130TES\u0130 lise matematik \u00d6\u011fretmenli\u011finden mezun oldum. Ayn\u0131\u00a0 okulda\u00a0 mast\u0131r\u00a0 program\u0131n\u0131 \u00a0 bitirdim.S\u0131ras\u0131yla U\u011fur Dersanesi , K\u00fclt\u00fcr Koleji , Feyziye Mektepleri Vakf\u0131 Ayaza\u011fa&#8230;<\/p>\n<div class=\"more-link-wrapper\"><a class=\"more-link\" href=\"http:\/\/www.calculusdersi.org\/?page_id=950\">Devam\u0131n\u0131 okuyun<span class=\"screen-reader-text\">Hakk\u0131mda<\/span><\/a><\/div>\n","protected":false},"author":1,"featured_media":0,"parent":0,"menu_order":0,"comment_status":"closed","ping_status":"closed","template":"","meta":{"footnotes":""},"yoast_head":"<!-- This site is optimized with the Yoast SEO plugin v19.10 - https:\/\/yoast.com\/wordpress\/plugins\/seo\/ -->\n<title>Hakk\u0131mda - bo\u011fazi\u00e7iliden \u00f6zel CALCULUS dersi verilir. 05423140369<\/title>\n<meta name=\"description\" content=\"1997 y\u0131l\u0131nda BO\u011eAZ\u0130\u00c7\u0130 \u00dcN\u0130VERS\u0130TES\u0130 lise matematik \u00d6\u011fretmenli\u011finden mezun oldum. Ayn\u0131 okulda mast\u0131r program\u0131n\u0131 bitirdim.S\u0131ras\u0131yla U\u011fur Dersanesi , K\u00fclt\u00fcr Koleji , Feyziye Mektepleri Vakf\u0131 Ayaza\u011fa I\u015f\u0131k Lisesini ve son olarakta \u015e\u0130\u015eL\u0130 TERAKKI lisesinde \u00e7al\u0131\u015ft\u0131m.Yakla\u015f\u0131k 19 y\u0131ld\u0131r e\u011fitim ve \u00f6\u011fretimin i\u00e7indeyim.\u00c7ok say\u0131da \u00f6\u011frenciye \u00f6zel dersler verdim. \u00c7al\u0131\u015ft\u0131\u011f\u0131m okullarda matematik geometri ve analitik geometri derslerine girdim .Yetenekli \u00f6\u011frencileri T\u00fcbitak Olimpiyatlar\u0131 s\u0131navlar\u0131na haz\u0131rlad\u0131m.13 y\u0131ld\u0131r Universite \u00f6\u011frencilerine CALCULUS ,diferansiyel denklemler,genel matematik ,lineer cebir dersleri vermekteyim .Ayr\u0131ca \u00e7ok say\u0131da yurt d\u0131\u015f\u0131nda okuyan \u00f6\u011frenciye skype \u00fczerinden CALCULUS math1,math2, Differential Equation ve Linear Algebra dersleri vermekteyim.\" \/>\n<meta name=\"robots\" content=\"index, follow, max-snippet:-1, max-image-preview:large, max-video-preview:-1\" \/>\n<link rel=\"canonical\" href=\"http:\/\/www.calculusdersi.org\/?page_id=950\" \/>\n<meta property=\"og:locale\" content=\"tr_TR\" \/>\n<meta property=\"og:type\" content=\"article\" \/>\n<meta property=\"og:title\" content=\"Hakk\u0131mda - bo\u011fazi\u00e7iliden \u00f6zel CALCULUS dersi verilir. 05423140369\" \/>\n<meta property=\"og:url\" content=\"http:\/\/www.calculusdersi.org\/?page_id=950\" \/>\n<meta property=\"og:site_name\" content=\"bo\u011fazi\u00e7iliden \u00f6zel CALCULUS dersi verilir. 05423140369\" \/>\n<meta property=\"article:publisher\" content=\"http:\/\/ozelders2013@gmail.com\" \/>\n<meta property=\"article:modified_time\" content=\"2025-01-27T09:31:43+00:00\" \/>\n<meta property=\"og:image\" content=\"http:\/\/www.calculusdersi.org\/wp-content\/uploads\/2022\/12\/WhatsApp-Gorsel-2022-12-29-saat-00.31.13-1-675x1024.jpg\" \/>\n<meta name=\"twitter:card\" content=\"summary_large_image\" \/>\n<meta name=\"twitter:label1\" content=\"Tahmini okuma s\u00fcresi\" \/>\n\t<meta name=\"twitter:data1\" content=\"1 dakika\" \/>\n<script type=\"application\/ld+json\" class=\"yoast-schema-graph\">{\"@context\":\"https:\/\/schema.org\",\"@graph\":[{\"@type\":\"WebPage\",\"@id\":\"http:\/\/www.calculusdersi.org\/?page_id=950\",\"url\":\"http:\/\/www.calculusdersi.org\/?page_id=950\",\"name\":\"Hakk\u0131mda - bo\u011fazi\u00e7iliden \u00f6zel CALCULUS dersi verilir. 05423140369\",\"isPartOf\":{\"@id\":\"http:\/\/www.calculusdersi.org\/#website\"},\"datePublished\":\"2022-12-28T21:28:34+00:00\",\"dateModified\":\"2025-01-27T09:31:43+00:00\",\"description\":\"1997 y\u0131l\u0131nda BO\u011eAZ\u0130\u00c7\u0130 \u00dcN\u0130VERS\u0130TES\u0130 lise matematik \u00d6\u011fretmenli\u011finden mezun oldum. Ayn\u0131 okulda mast\u0131r program\u0131n\u0131 bitirdim.S\u0131ras\u0131yla U\u011fur Dersanesi , K\u00fclt\u00fcr Koleji , Feyziye Mektepleri Vakf\u0131 Ayaza\u011fa I\u015f\u0131k Lisesini ve son olarakta \u015e\u0130\u015eL\u0130 TERAKKI lisesinde \u00e7al\u0131\u015ft\u0131m.Yakla\u015f\u0131k 19 y\u0131ld\u0131r e\u011fitim ve \u00f6\u011fretimin i\u00e7indeyim.\u00c7ok say\u0131da \u00f6\u011frenciye \u00f6zel dersler verdim. \u00c7al\u0131\u015ft\u0131\u011f\u0131m okullarda matematik geometri ve analitik geometri derslerine girdim .Yetenekli \u00f6\u011frencileri T\u00fcbitak Olimpiyatlar\u0131 s\u0131navlar\u0131na haz\u0131rlad\u0131m.13 y\u0131ld\u0131r Universite \u00f6\u011frencilerine CALCULUS ,diferansiyel denklemler,genel matematik ,lineer cebir dersleri vermekteyim .Ayr\u0131ca \u00e7ok say\u0131da yurt d\u0131\u015f\u0131nda okuyan \u00f6\u011frenciye skype \u00fczerinden CALCULUS math1,math2, Differential Equation ve Linear Algebra dersleri vermekteyim.\",\"breadcrumb\":{\"@id\":\"http:\/\/www.calculusdersi.org\/?page_id=950#breadcrumb\"},\"inLanguage\":\"tr\",\"potentialAction\":[{\"@type\":\"ReadAction\",\"target\":[\"http:\/\/www.calculusdersi.org\/?page_id=950\"]}]},{\"@type\":\"BreadcrumbList\",\"@id\":\"http:\/\/www.calculusdersi.org\/?page_id=950#breadcrumb\",\"itemListElement\":[{\"@type\":\"ListItem\",\"position\":1,\"name\":\"Ana sayfa\",\"item\":\"http:\/\/www.calculusdersi.org\/\"},{\"@type\":\"ListItem\",\"position\":2,\"name\":\"Hakk\u0131mda\"}]},{\"@type\":\"WebSite\",\"@id\":\"http:\/\/www.calculusdersi.org\/#website\",\"url\":\"http:\/\/www.calculusdersi.org\/\",\"name\":\"bo\u011fazi\u00e7iliden \u00f6zel CALCULUS dersi verilir. 05423140369\",\"description\":\"bo\u011fazi\u00e7iliden \u00f6zel MATEMAT\u0130K dersi verilir.  5423140369 \",\"potentialAction\":[{\"@type\":\"SearchAction\",\"target\":{\"@type\":\"EntryPoint\",\"urlTemplate\":\"http:\/\/www.calculusdersi.org\/?s={search_term_string}\"},\"query-input\":\"required name=search_term_string\"}],\"inLanguage\":\"tr\"}]}<\/script>\n<!-- \/ Yoast SEO plugin. -->","yoast_head_json":{"title":"Hakk\u0131mda - bo\u011fazi\u00e7iliden \u00f6zel CALCULUS dersi verilir. 05423140369","description":"1997 y\u0131l\u0131nda BO\u011eAZ\u0130\u00c7\u0130 \u00dcN\u0130VERS\u0130TES\u0130 lise matematik \u00d6\u011fretmenli\u011finden mezun oldum. Ayn\u0131 okulda mast\u0131r program\u0131n\u0131 bitirdim.S\u0131ras\u0131yla U\u011fur Dersanesi , K\u00fclt\u00fcr Koleji , Feyziye Mektepleri Vakf\u0131 Ayaza\u011fa I\u015f\u0131k Lisesini ve son olarakta \u015e\u0130\u015eL\u0130 TERAKKI lisesinde \u00e7al\u0131\u015ft\u0131m.Yakla\u015f\u0131k 19 y\u0131ld\u0131r e\u011fitim ve \u00f6\u011fretimin i\u00e7indeyim.\u00c7ok say\u0131da \u00f6\u011frenciye \u00f6zel dersler verdim. \u00c7al\u0131\u015ft\u0131\u011f\u0131m okullarda matematik geometri ve analitik geometri derslerine girdim .Yetenekli \u00f6\u011frencileri T\u00fcbitak Olimpiyatlar\u0131 s\u0131navlar\u0131na haz\u0131rlad\u0131m.13 y\u0131ld\u0131r Universite \u00f6\u011frencilerine CALCULUS ,diferansiyel denklemler,genel matematik ,lineer cebir dersleri vermekteyim .Ayr\u0131ca \u00e7ok say\u0131da yurt d\u0131\u015f\u0131nda okuyan \u00f6\u011frenciye skype \u00fczerinden CALCULUS math1,math2, Differential Equation ve Linear Algebra dersleri vermekteyim.","robots":{"index":"index","follow":"follow","max-snippet":"max-snippet:-1","max-image-preview":"max-image-preview:large","max-video-preview":"max-video-preview:-1"},"canonical":"http:\/\/www.calculusdersi.org\/?page_id=950","og_locale":"tr_TR","og_type":"article","og_title":"Hakk\u0131mda - bo\u011fazi\u00e7iliden \u00f6zel CALCULUS dersi verilir. 05423140369","og_url":"http:\/\/www.calculusdersi.org\/?page_id=950","og_site_name":"bo\u011fazi\u00e7iliden \u00f6zel CALCULUS dersi verilir. 05423140369","article_publisher":"http:\/\/ozelders2013@gmail.com","article_modified_time":"2025-01-27T09:31:43+00:00","og_image":[{"url":"http:\/\/www.calculusdersi.org\/wp-content\/uploads\/2022\/12\/WhatsApp-Gorsel-2022-12-29-saat-00.31.13-1-675x1024.jpg"}],"twitter_card":"summary_large_image","twitter_misc":{"Tahmini okuma s\u00fcresi":"1 dakika"},"schema":{"@context":"https:\/\/schema.org","@graph":[{"@type":"WebPage","@id":"http:\/\/www.calculusdersi.org\/?page_id=950","url":"http:\/\/www.calculusdersi.org\/?page_id=950","name":"Hakk\u0131mda - bo\u011fazi\u00e7iliden \u00f6zel CALCULUS dersi verilir. 05423140369","isPartOf":{"@id":"http:\/\/www.calculusdersi.org\/#website"},"datePublished":"2022-12-28T21:28:34+00:00","dateModified":"2025-01-27T09:31:43+00:00","description":"1997 y\u0131l\u0131nda BO\u011eAZ\u0130\u00c7\u0130 \u00dcN\u0130VERS\u0130TES\u0130 lise matematik \u00d6\u011fretmenli\u011finden mezun oldum. Ayn\u0131 okulda mast\u0131r program\u0131n\u0131 bitirdim.S\u0131ras\u0131yla U\u011fur Dersanesi , K\u00fclt\u00fcr Koleji , Feyziye Mektepleri Vakf\u0131 Ayaza\u011fa I\u015f\u0131k Lisesini ve son olarakta \u015e\u0130\u015eL\u0130 TERAKKI lisesinde \u00e7al\u0131\u015ft\u0131m.Yakla\u015f\u0131k 19 y\u0131ld\u0131r e\u011fitim ve \u00f6\u011fretimin i\u00e7indeyim.\u00c7ok say\u0131da \u00f6\u011frenciye \u00f6zel dersler verdim. \u00c7al\u0131\u015ft\u0131\u011f\u0131m okullarda matematik geometri ve analitik geometri derslerine girdim .Yetenekli \u00f6\u011frencileri T\u00fcbitak Olimpiyatlar\u0131 s\u0131navlar\u0131na haz\u0131rlad\u0131m.13 y\u0131ld\u0131r Universite \u00f6\u011frencilerine CALCULUS ,diferansiyel denklemler,genel matematik ,lineer cebir dersleri vermekteyim .Ayr\u0131ca \u00e7ok say\u0131da yurt d\u0131\u015f\u0131nda okuyan \u00f6\u011frenciye skype \u00fczerinden CALCULUS math1,math2, Differential Equation ve Linear Algebra dersleri vermekteyim.","breadcrumb":{"@id":"http:\/\/www.calculusdersi.org\/?page_id=950#breadcrumb"},"inLanguage":"tr","potentialAction":[{"@type":"ReadAction","target":["http:\/\/www.calculusdersi.org\/?page_id=950"]}]},{"@type":"BreadcrumbList","@id":"http:\/\/www.calculusdersi.org\/?page_id=950#breadcrumb","itemListElement":[{"@type":"ListItem","position":1,"name":"Ana sayfa","item":"http:\/\/www.calculusdersi.org\/"},{"@type":"ListItem","position":2,"name":"Hakk\u0131mda"}]},{"@type":"WebSite","@id":"http:\/\/www.calculusdersi.org\/#website","url":"http:\/\/www.calculusdersi.org\/","name":"bo\u011fazi\u00e7iliden \u00f6zel CALCULUS dersi verilir. 05423140369","description":"bo\u011fazi\u00e7iliden \u00f6zel MATEMAT\u0130K dersi verilir.  5423140369 ","potentialAction":[{"@type":"SearchAction","target":{"@type":"EntryPoint","urlTemplate":"http:\/\/www.calculusdersi.org\/?s={search_term_string}"},"query-input":"required name=search_term_string"}],"inLanguage":"tr"}]}},"_links":{"self":[{"href":"http:\/\/www.calculusdersi.org\/index.php?rest_route=\/wp\/v2\/pages\/950"}],"collection":[{"href":"http:\/\/www.calculusdersi.org\/index.php?rest_route=\/wp\/v2\/pages"}],"about":[{"href":"http:\/\/www.calculusdersi.org\/index.php?rest_route=\/wp\/v2\/types\/page"}],"author":[{"embeddable":true,"href":"http:\/\/www.calculusdersi.org\/index.php?rest_route=\/wp\/v2\/users\/1"}],"replies":[{"embeddable":true,"href":"http:\/\/www.calculusdersi.org\/index.php?rest_route=%2Fwp%2Fv2%2Fcomments&post=950"}],"version-history":[{"count":9,"href":"http:\/\/www.calculusdersi.org\/index.php?rest_route=\/wp\/v2\/pages\/950\/revisions"}],"predecessor-version":[{"id":1209,"href":"http:\/\/www.calculusdersi.org\/index.php?rest_route=\/wp\/v2\/pages\/950\/revisions\/1209"}],"wp:attachment":[{"href":"http:\/\/www.calculusdersi.org\/index.php?rest_route=%2Fwp%2Fv2%2Fmedia&parent=950"}],"curies":[{"name":"wp","href":"https:\/\/api.w.org\/{rel}","templated":true}]}}